403 + 11072 + 3275 = 10*y. What is the units digit of y?
5
Suppose 0 = 4*v - 5*i - 63, -2*v = -3*i - 0*i - 33. Suppose -3*j = -v - 51. Let s = j + 40. What is the units digit of s?
1
Let n(j) = -2452*j**3 + 6*j**2 + 31*j + 60. What is the tens digit of n(-2)?
3
Let g be (-2)/(36/(-15) - (-7 - -5)). Suppose -175 = -g*j + 60. What is the tens digit of j?
4
Let w = 1898 + 3936. What is the tens digit of w?
3
Let f(t) = -2*t**3 - 5*t**2 - 2*t + 14134. What is the hundreds digit of f(0)?
1
Let b(c) = c + 15. Let w be b(15). Suppose w*p = -10*p + 11200. What is the tens digit of p?
8
Let q = 75 + -74. What is the tens digit of 30*((-171)/(-15) + q)?
7
Suppose -2*v = -3*v - 2*l + 11280, 2*v - 2*l - 22530 = 0. What is the hundreds digit of v?
2
Suppose 464*s = 461*s - 4767. Let m = -1082 - s. What is the units digit of m?
7
Let w(k) = -9*k + 102. Suppose -4*q + 55 = 83. What is the units digit of w(q)?
5
Suppose -16*n - 197571 + 41961 = -29*n. What is the hundreds digit of n?
9
Suppose -5*u + 4*t = -4, -t - 3 = u + 2*t. Suppose u = f - 5*s - 15 - 276, f - 2*s = 303. What is the units digit of f?
1
Suppose 11*y = 6*y - 20. Let w be 12*((-4)/3)/y. What is the tens digit of (-58)/(-4)*w + 3?
6
What is the thousands digit of (96/384)/((-3)/40648*(-2)/6)?
0
Let n = -77 + 79. Let u(h) = h**n - 3*h + 4*h - 8 + 131. What is the hundreds digit of u(0)?
1
What is the hundreds digit of -1 + 1 - (5845/(-140))/(4/1424)?
8
Let q(g) = -2*g**2 + 16*g + 9. Let n = 76 - 69. Let s be q(n). Let x = s + -12. What is the units digit of x?
1
Let k = 12918 + -7983. Suppose -3*d + k = 5*f, -1316 = -2*f + d + 658. What is the hundreds digit of f?
9
Let i(x) be the second derivative of -x**4/6 + 4*x**3/3 - 3*x**2 - 8*x. Let o be i(8). Let a = o + 130. What is the tens digit of a?
6
Let l(t) = -t**3 + 14*t**2 + 10*t + 38. Let d be l(16). Let s = d - -778. What is the tens digit of s?
6
Let f be (-36)/(-126) - (-334)/7. Let t be (-64)/112*14/(-4). Suppose 102 = t*q + f. What is the units digit of q?
7
Suppose 0 = -2*j - 3*p + 20236 + 10262, -2*p = -j + 15235. What is the units digit of j?
3
Let r(o) = o**2 + 11*o - 136. Let q be r(19). Let v = q + -281. What is the tens digit of v?
5
Let k(c) = 141*c - 529. What is the hundreds digit of k(43)?
5
Let m be ((-57)/38)/(2/(-8)) + -2. What is the hundreds digit of -3 - (m/4 + -7) - -569?
5
Let z(a) = a**2 + 3*a + 57. What is the units digit of z(-10)?
7
Let z(t) be the first derivative of -5*t**2/2 + 35*t + 26. Let b be z(5). Suppose -457 = -b*i + 803. What is the hundreds digit of i?
1
Suppose -27226 = -4*q + 3*m, -16*q + 20*q = -2*m + 27216. What is the units digit of q?
5
Suppose 221*i = 105*i - 46168. Let w = -2 - 2. What is the hundreds digit of (i/(-4))/((-2)/w)?
1
What is the tens digit of ((-184)/112)/(-23)*-80*(-6398)/4?
4
Let n(d) = d - 3. Let k be n(17). Suppose k*c = 12308 - 2424. What is the units digit of c?
6
Suppose -c + 3412 = 5*d, -6993 - 6745 = -4*c - 2*d. What is the units digit of c?
7
Let r(j) = -6*j + 53. Let x be r(8). What is the units digit of (-13)/(39/(-1878)) - x?
1
Let q be 4*6/8 - 0. Let f(v) = -25 + 106*v - 9*v**2 - 101*v + v**q - 2*v**3. What is the tens digit of f(-11)?
6
Let g = -10596 - -16761. What is the units digit of g?
5
Let a = 652 - 605. Suppose -9*r + a*r = 31730. What is the hundreds digit of r?
8
Let c(g) = 1194*g**3 - 15*g**2 + 34*g - 8. What is the units digit of c(2)?
2
Suppose 2*t - 5*g = -9, -5*t - g - 69 = 2*g. What is the tens digit of 221*(-4)/t*3?
2
Suppose -28 = 4*b + 20. Let s be (99/(-4))/(3/b). Let i = s + -49. What is the units digit of i?
0
Let r be -10*3/(-6) - 2. Suppose -2*k + 174 = 5*q - 3*q, -r*k = -q + 107. Suppose -4*v + 0*v = -q. What is the units digit of v?
3
Let s(c) be the second derivative of 4*c**3/3 + 11*c**2/2 - 8*c + 3. What is the tens digit of s(28)?
3
Let r(n) = 2523*n**3 - 5*n**2 + 18*n - 37. What is the hundreds digit of r(2)?
1
Suppose -8*i - 36*i + 1153386 = -18*i. What is the ten thousands digit of i?
4
Let i be 28/(-2)*294/(-4). Let g = 119 + i. What is the hundreds digit of g?
1
Let n(u) = 2*u**2 - 6*u. Let m be n(3). Suppose m = -5*l - 4*l + 279. What is the units digit of l?
1
Suppose 3*q - 60 = -0*q. Let i be 38*q/8*1. Suppose -4*w + i = w. What is the tens digit of w?
1
Let m(d) be the second derivative of 12*d**3 + 331*d**2/2 - 15*d + 3. What is the hundreds digit of m(12)?
1
Let n = 2487 - 776. What is the tens digit of n?
1
Suppose -78*y = -74*y - 61252. Suppose 0 = -11*w + y - 870. What is the tens digit of w?
1
Let w(j) = 349*j**2 - 181*j + 9. What is the tens digit of w(6)?
8
Let m be 938/(-10) - 2/10. Let x = -52 - m. Suppose -x = -v - f + 3*f, f = 5. What is the tens digit of v?
5
Let y be 8/2*(-2)/(-4) + 1. Suppose -4*b - 206 = -3*z + z, -2*b + 277 = y*z. Suppose -a - 5*x = -z, a + 3*a - 403 = 3*x. What is the hundreds digit of a?
1
Let z be 5/2 + 2/(-4). Suppose -4*o + 2*o = -5*v - 21, v = -4*o + 31. Suppose z*h = o + 2. What is the units digit of h?
5
Suppose 40*i - 38*i + 608 = 0. Let u = i + 29. What is the tens digit of (-5 - u/5)*(-9)/(-6)?
7
Let m(c) = -8*c - 12. Let g be m(-6). Let b = 23 + g. Let q = b - -80. What is the tens digit of q?
3
Let l = 10 + -73. Let f = -61 - l. What is the tens digit of ((-1)/3)/(f/(-66))?
1
Suppose 46*b - 67*b = -399. What is the tens digit of b?
1
Suppose -98*u + 1281344 + 1012346 = 0. What is the ten thousands digit of u?
2
What is the hundreds digit of (-1672)/152 + -1 + 9539?
5
Suppose 0 = 100*j - 99*j + 5. What is the units digit of 437/(1 - 0/j)?
7
Suppose 357 + 14 = 7*m. Let b = -136 + 265. Suppose -b = -2*v - m. What is the units digit of v?
8
Let o = -68 - -73. Suppose 1273 = 2*h + 3*v, 0 = -6*h + 5*h + o*v + 656. What is the hundreds digit of h?
6
Let z be 54/135 - (-36)/10. Suppose -f = 3*s - 56 - 43, 0 = -z*f + s + 435. What is the tens digit of f?
0
Let m(j) = 2*j - 2. Let g be m(1). Let r be -2 + g - (-5148)/13. Suppose -2*z + 152 = v, -5*v = 5*z - r + 24. What is the units digit of z?
8
Let d be (-1)/(5/44)*105/(-42). Let x = d + -2. Suppose x*y - 19*y = 69. What is the units digit of y?
9
Let a(d) = d + 3. Let g be a(0). Suppose 0 = -2*u + 3*i - 2, 2*u = -g*u - 3*i + 16. Suppose 0 = y - q - 63, 3*y - u*q = 4*y - 63. What is the tens digit of y?
6
Suppose -14*p = -17*p + 6. Suppose -5*i + 1859 = -4*k, p*i + 21*k - 754 = 20*k. What is the hundreds digit of i?
3
Suppose 4*u = -4*y + 2420, 3*u + u = 5*y - 3052. Suppose -4*o + y = -480. What is the hundreds digit of o?
2
Suppose -300*i + 90 = -310*i. What is the units digit of 224 + -3 - (i - -7)?
3
Let d(u) = -2*u**3 + 9*u**2 + 20*u - 2. Let y be d(6). Suppose -14*p = -y*p - 6936. What is the thousands digit of p?
1
Let n be (-1 + 104/64)*8. Suppose -7*h + 1210 = -2*h. Suppose -n*t + h + 163 = 0. What is the tens digit of t?
8
Suppose -3*d + 82 = -158. Let j be (-1 + d/(-36)*-3)*6. What is the units digit of 6/(-7)*(-8 - j)?
6
What is the tens digit of (-14)/6 - (15456/(-9))/4?
2
Suppose -4*k + 25 = 21. What is the tens digit of k/(4/3629) - (-237)/316?
0
Let l(r) = -18*r - 21. Let g(q) = 6*q + 7. Let h(x) = -11*g(x) - 4*l(x). Let y be h(7). Suppose 8*m - 281 = -y. What is the tens digit of m?
2
What is the tens digit of ((-825)/78 + (-10)/(-130))*-362?
0
Let a(h) = 27*h**2 - h - 10. Let s be ((-10)/4)/((-90)/144). What is the hundreds digit of a(s)?
4
Let a = -28 + 30. Suppose a*u + 2*t = -4, -2*u - 3*t - 10 = -1. Suppose k + 3*g - 91 = 0, -5*g + 239 + 38 = u*k. What is the tens digit of k?
9
Suppose -13*n + 11464 = -9*n + 3*w, 5*n + 5*w - 14330 = 0. Suppose -n - 1958 = -18*v. What is the units digit of v?
8
Suppose z + n - 39105 = -8741, 0 = -4*z + n + 121446. What is the tens digit of z?
6
Suppose 3*x - 18 = 4*k, 5*k = -x + 10*k + 17. Suppose 0 = -2*z - x*y + 1576, y + 3970 = -25*z + 30*z. What is the hundreds digit of z?
7
Let y(g) = 10*g**2 + 3*g + 13. Let u = -65 + 124. Let i = u - 63. What is the hundreds digit of y(i)?
1
Let w = 3382 + 313. What is the thousands digit of w?
3
Let j(h) = 11*h**2 + 18*h - 41. Let b be j(-8). Let y = b - 108. What is the units digit of y?
1
Suppose -5*u + 4*n - 14566 = -74197, 5*n - 59685 = -5*u. What is the units digit of u?
1
Let t(w) = 408*w - 613. What is the units digit of t(33)?
1
Let 